{"id":2087,"date":"2024-11-08T18:08:12","date_gmt":"2024-11-08T18:08:12","guid":{"rendered":"https:\/\/paroisse-sam.org\/?page_id=2087"},"modified":"2026-03-31T15:42:44","modified_gmt":"2026-03-31T15:42:44","slug":"catechese-et-sacrements","status":"publish","type":"page","link":"https:\/\/paroisse-sam.org\/index.php\/catechese-et-sacrements\/","title":{"rendered":"Cat\u00e9ch\u00e8se et sacrements"},"content":{"rendered":"\t\t<div data-elementor-type=\"wp-page\" data-elementor-id=\"2087\" class=\"elementor elementor-2087\">\n\t\t\t\t<div class=\"elementor-element elementor-element-68ff3e2 e-flex e-con-boxed e-con e-parent\" data-id=\"68ff3e2\" data-element_type=\"container\" data-e-type=\"container\" data-settings=\"{&quot;background_background&quot;:&quot;classic&quot;}\">\n\t\t\t\t\t<div class=\"e-con-inner\">\n\t\t\t\t<div class=\"elementor-element elementor-element-7190260 elementor-widget elementor-widget-text-editor\" data-id=\"7190260\" data-element_type=\"widget\" data-e-type=\"widget\" data-widget_type=\"text-editor.default\">\n\t\t\t\t<div class=\"elementor-widget-container\">\n\t\t\t\t\t\t\t\t\t<p><strong>\u00a0 \u00a0 \u00a0 \u00a0 \u00a0 \u00a0 \u00a0 \u00a0 \u00a0 \u00a0 \u00a0 \u00a0 \u00a0 \u00a0 \u00a0 \u00a0 \u00a0 \u00a0 \u00a0 \u00a0 \u00a0 \u00a0 \u00a0 \u00a0 \u00a0 \u00a0 \u00a0 \u00a0 \u00a0 \u00a0 \u00a0 \u00a0 \u00a0 \u00a0 \u00a0 \u00a0 \u00a0 \u00a0 \u00a0 \u00a0 \u00a0 \u00a0 \u00a0 \u00a0 \u00a0 \u00a0 \u00a0 \u00a0 \u00a0 \u00a0 \u00a0 \u00a0 \u00a0 \u00a0 \u00a0 \u00a0 \u00a0 \u00a0 \u00a0 \u00a0 \u00a0 \u00a0 \u00a0 \u00a0 \u00a0 \u00a0 \u00a0 \u00a0 \u00a0 \u00a0 \u00a0 \u00a0 \u00a0 \u00a0 \u00a0 \u00a0 \u00a0Cat\u00e9ch\u00e8se et sacrements<\/strong><\/p><p>Pour les diff\u00e9rents sacrements et les formations \u00e0 la vie chr\u00e9tienne, les paroissiens et paroissiennes peuvent communiquer avec les ressources suivantes:.<\/p><p>Sanctuaire dioc\u00e9sain de Sainte-Th\u00e9r\u00e8se-de-l\u2019Enfant-J\u00e9sus : Abb\u00e9 R\u00e9jean Lessard, recteur 418 663-4011<\/p><p>Pr\u00e9paration au bapt\u00eame : S\u0153ur Odile Lessard, 418 628-8860<\/p><p>1er pardon, 1re communion, confirmation : Alain Leboeuf, 418 204-0510, poste 163<\/p><p>Confirmation pour les adultes : Gis\u00e8le Girard, 418 204-0510, poste 166<\/p><p>Mariage : Abb\u00e9 Robert C\u00f4t\u00e9: treb6107@gmail.com<\/p><p>Onction des malades : appelez au secr\u00e9tariat de votre communaut\u00e9 chr\u00e9tienne 418 204-0510, poste 100<\/p><p>Obtenir un extrait de registre (bapt\u00eame, confirmation, mariage) : Mme Linda breton, 418 663 9875<\/p><p>Cursillos : Nicole Gagnon, 418 821-4040, Cl\u00e9mence Rodrigue 418 667-9785<\/p><p>Chemin n\u00e9ocat\u00e9chum\u00e9nal: Claude B\u00e9langer, 418 659-7918<\/p><p>Les Marguerites : R\u00e9jeanne Lavoie, 418 667-9286<\/p><p>Groupe de pri\u00e8re Quo Vadis: H\u00e9l\u00e8ne Brassard, 418 627-9379<\/p><p>Centre de pastorale Sel et lumi\u00e8re : 418 667-9978<\/p>\t\t\t\t\t\t\t\t<\/div>\n\t\t\t\t<\/div>\n\t\t\t\t\t<\/div>\n\t\t\t\t<\/div>\n\t\t\t\t<div class=\"elementor-section elementor-top-section elementor-element elementor-element-329350c elementor-section-height-min-height elementor-section-stretched elementor-section-boxed elementor-section-height-default elementor-section-items-middle\" data-id=\"329350c\" data-element_type=\"section\" data-e-type=\"section\" data-settings=\"{&quot;stretch_section&quot;:&quot;section-stretched&quot;,&quot;background_background&quot;:&quot;classic&quot;}\">\n\t\t\t\t\t\t<div class=\"elementor-container elementor-column-gap-default\">\n\t\t\t\t\t<div class=\"elementor-column elementor-col-100 elementor-top-column elementor-element elementor-element-8a125b8\" data-id=\"8a125b8\" data-element_type=\"column\" data-e-type=\"column\">\n\t\t\t<div class=\"elementor-widget-wrap\">\n\t\t\t\t\t\t\t<\/div>\n\t\t<\/div>\n\t\t\t\t\t<\/div>\n\t\t<\/div>\n\t\t<div class=\"elementor-element elementor-element-ff2f8b0 e-flex e-con-boxed e-con e-parent\" data-id=\"ff2f8b0\" data-element_type=\"container\" data-e-type=\"container\">\n\t\t\t\t\t<div class=\"e-con-inner\">\n\t\t\t\t\t<\/div>\n\t\t\t\t<\/div>\n\t\t<div class=\"elementor-element elementor-element-e5ea111 e-flex e-con-boxed e-con e-parent\" data-id=\"e5ea111\" data-element_type=\"container\" data-e-type=\"container\">\n\t\t\t\t\t<div class=\"e-con-inner\">\n\t\t\t\t<div class=\"elementor-element elementor-element-e11c59a elementor-widget elementor-widget-shortcode\" data-id=\"e11c59a\" data-element_type=\"widget\" data-e-type=\"widget\" data-widget_type=\"shortcode.default\">\n\t\t\t\t<div class=\"elementor-widget-container\">\n\t\t\t\t\t\t\t<div class=\"elementor-shortcode\">7 vues<\/div>\n\t\t\t\t\t\t<\/div>\n\t\t\t\t<\/div>\n\t\t\t\t\t<\/div>\n\t\t\t\t<\/div>\n\t\t\t\t<\/div>\n\t\t","protected":false},"excerpt":{"rendered":"<p>\u00a0 \u00a0 \u00a0 \u00a0 \u00a0 \u00a0 \u00a0 \u00a0 \u00a0 \u00a0 \u00a0 \u00a0 \u00a0 \u00a0 \u00a0 \u00a0 \u00a0 \u00a0 \u00a0 \u00a0 \u00a0 \u00a0 \u00a0 \u00a0 \u00a0 \u00a0 \u00a0 \u00a0 \u00a0 \u00a0 \u00a0 \u00a0 \u00a0 \u00a0 \u00a0 \u00a0 \u00a0 \u00a0 \u00a0 \u00a0 \u00a0 \u00a0 \u00a0 \u00a0 \u00a0 \u00a0 \u00a0 \u00a0 \u00a0 \u00a0 \u00a0 \u00a0 \u00a0 \u00a0 \u00a0&#8230;<\/p>\n","protected":false},"author":1,"featured_media":2058,"parent":0,"menu_order":0,"comment_status":"closed","ping_status":"closed","template":"","meta":{"_kad_post_transparent":"","_kad_post_title":"default","_kad_post_layout":"default","_kad_post_sidebar_id":"","_kad_post_content_style":"unboxed","_kad_post_vertical_padding":"default","_kad_post_feature":"default","_kad_post_feature_position":"","_kad_post_header":false,"_kad_post_footer":true,"footnotes":""},"class_list":["post-2087","page","type-page","status-publish","has-post-thumbnail","hentry"],"_links":{"self":[{"href":"https:\/\/paroisse-sam.org\/index.php\/wp-json\/wp\/v2\/pages\/2087","targetHints":{"allow":["GET"]}}],"collection":[{"href":"https:\/\/paroisse-sam.org\/index.php\/wp-json\/wp\/v2\/pages"}],"about":[{"href":"https:\/\/paroisse-sam.org\/index.php\/wp-json\/wp\/v2\/types\/page"}],"author":[{"embeddable":true,"href":"https:\/\/paroisse-sam.org\/index.php\/wp-json\/wp\/v2\/users\/1"}],"replies":[{"embeddable":true,"href":"https:\/\/paroisse-sam.org\/index.php\/wp-json\/wp\/v2\/comments?post=2087"}],"version-history":[{"count":21,"href":"https:\/\/paroisse-sam.org\/index.php\/wp-json\/wp\/v2\/pages\/2087\/revisions"}],"predecessor-version":[{"id":3306,"href":"https:\/\/paroisse-sam.org\/index.php\/wp-json\/wp\/v2\/pages\/2087\/revisions\/3306"}],"wp:featuredmedia":[{"embeddable":true,"href":"https:\/\/paroisse-sam.org\/index.php\/wp-json\/wp\/v2\/media\/2058"}],"wp:attachment":[{"href":"https:\/\/paroisse-sam.org\/index.php\/wp-json\/wp\/v2\/media?parent=2087"}],"curies":[{"name":"wp","href":"https:\/\/api.w.org\/{rel}","templated":true}]}}

Catéchèse et sacrements

<div data-elementor-type="wp-page" data-elementor-id="2087" class="elementor elementor-2087">
				<div class="elementor-element elementor-element-68ff3e2 e-flex e-con-boxed e-con e-parent" data-id="68ff3e2" data-element_type="container" data-e-type="container" data-settings="{&quot;background_background&quot;:&quot;classic&quot;}">
					<div class="e-con-inner">
				<div class="elementor-element elementor-element-7190260 elementor-widget elementor-widget-text-editor" data-id="7190260" data-element_type="widget" data-e-type="widget" data-widget_type="text-editor.default">
				<div class="elementor-widget-container">
									<p><strong>                                                                                                                                                         Catéchèse et sacrements</strong></p><p>Pour les différents sacrements et les formations à la vie chrétienne, les paroissiens et paroissiennes peuvent communiquer avec les ressources suivantes:.</p><p>Sanctuaire diocésain de Sainte-Thérèse-de-l’Enfant-Jésus : Abbé Réjean Lessard, recteur 418 663-4011</p><p>Préparation au baptême : Sœur Odile Lessard, 418 628-8860</p><p>1er pardon, 1re communion, confirmation : Alain Leboeuf, 418 204-0510, poste 163</p><p>Confirmation pour les adultes : Gisèle Girard, 418 204-0510, poste 166</p><p>Mariage : Abbé Robert Côté: treb6107@gmail.com</p><p>Onction des malades : appelez au secrétariat de votre communauté chrétienne 418 204-0510, poste 100</p><p>Obtenir un extrait de registre (baptême, confirmation, mariage) : Mme Linda breton, 418 663 9875</p><p>Cursillos : Nicole Gagnon, 418 821-4040, Clémence Rodrigue 418 667-9785</p><p>Chemin néocatéchuménal: Claude Bélanger, 418 659-7918</p><p>Les Marguerites : Réjeanne Lavoie, 418 667-9286</p><p>Groupe de prière Quo Vadis: Hélène Brassard, 418 627-9379</p><p>Centre de pastorale Sel et lumière : 418 667-9978</p>								</div>
				</div>
					</div>
				</div>
				<div class="elementor-section elementor-top-section elementor-element elementor-element-329350c elementor-section-height-min-height elementor-section-stretched elementor-section-boxed elementor-section-height-default elementor-section-items-middle" data-id="329350c" data-element_type="section" data-e-type="section" data-settings="{&quot;stretch_section&quot;:&quot;section-stretched&quot;,&quot;background_background&quot;:&quot;classic&quot;}">
						<div class="elementor-container elementor-column-gap-default">
					<div class="elementor-column elementor-col-100 elementor-top-column elementor-element elementor-element-8a125b8" data-id="8a125b8" data-element_type="column" data-e-type="column">
			<div class="elementor-widget-wrap">
							</div>
		</div>
					</div>
		</div>
		<div class="elementor-element elementor-element-ff2f8b0 e-flex e-con-boxed e-con e-parent" data-id="ff2f8b0" data-element_type="container" data-e-type="container">
					<div class="e-con-inner">
					</div>
				</div>
		<div class="elementor-element elementor-element-e5ea111 e-flex e-con-boxed e-con e-parent" data-id="e5ea111" data-element_type="container" data-e-type="container">
					<div class="e-con-inner">
				<div class="elementor-element elementor-element-e11c59a elementor-widget elementor-widget-shortcode" data-id="e11c59a" data-element_type="widget" data-e-type="widget" data-widget_type="shortcode.default">
				<div class="elementor-widget-container">
							<div class="elementor-shortcode">7 vues</div>
						</div>
				</div>
					</div>
				</div>
				</div>
